{"id":515,"date":"2022-05-25T10:20:51","date_gmt":"2022-05-25T08:20:51","guid":{"rendered":"https:\/\/tidann.com\/?page_id=515"},"modified":"2022-10-21T13:30:51","modified_gmt":"2022-10-21T11:30:51","slug":"personnalisation","status":"publish","type":"page","link":"https:\/\/tidann.com\/index.php\/personnalisation\/","title":{"rendered":"Personnalisation"},"content":{"rendered":"\n<div class=\"wp-block-columns is-layout-flex wp-container-core-columns-is-layout-9d6595d7 wp-block-columns-is-layout-flex\">\n<div class=\"wp-block-column is-layout-flow wp-block-column-is-layout-flow\">\n<div class=\"wp-block-media-text alignwide is-stacked-on-mobile has-background\" style=\"background-color:#f2ece8\"><figure class=\"wp-block-media-text__media\"><img loading=\"lazy\" decoding=\"async\" width=\"967\" height=\"1024\" src=\"https:\/\/tidann.com\/wp-content\/uploads\/2022\/10\/PERSONNALISATION-v1-967x1024.jpg\" alt=\"\" class=\"wp-image-602 size-full\" srcset=\"https:\/\/tidann.com\/wp-content\/uploads\/2022\/10\/PERSONNALISATION-v1-967x1024.jpg 967w, https:\/\/tidann.com\/wp-content\/uploads\/2022\/10\/PERSONNALISATION-v1-283x300.jpg 283w, https:\/\/tidann.com\/wp-content\/uploads\/2022\/10\/PERSONNALISATION-v1-768x813.jpg 768w\" sizes=\"auto, (max-width: 967px) 100vw, 967px\" \/><\/figure><div class=\"wp-block-media-text__content\">\n<p class=\"has-large-font-size\">Choisissez des cr\u00e9ations existantes mais cr\u00e9ez \u00e9galement la votre!<\/p>\n\n\n\n<p><br>Pour votre mariage, bapt\u00eame, anniversaire ou votre entreprises, mettez votre logo en avant sur une table, un porte cl\u00e9, des dessous de verres, plateaux etc\u2026<br>Un cadeau de naissance pour l\u2019arriv\u00e9e d\u2019un b\u00e9b\u00e9, un jouet pour l\u2019anniversaire du petit neveu, un cadeau attentionn\u00e9 pour la f\u00eate des m\u00e8res\u2026<br>Mais aussi un cadeau pratique pour une pendaison de cr\u00e9maill\u00e8re, sans oublier \u00e9videmment les traditionnels cadeaux de No\u00ebl.<\/p>\n\n\n\n<p><br>Trouver un cadeau original qui fera plaisir n\u2019est pas forc\u00e9ment une histoire de budget.<br>La personne \u00e0 g\u00e2ter sera ravie de recevoir un petit cadeau personnalis\u00e9 auquel vous aurez r\u00e9fl\u00e9chi, plut\u00f4t qu\u2019un cadeau cher achet\u00e9 sans r\u00e9fl\u00e9chir.<br>Le temps que vous aurez pris \u00e0 personnaliser un cadeau aura tout autant de valeur pour une personne que vous aimez.<\/p>\n\n\n\n<h3 class=\"wp-block-heading\">Tidann, de la cr\u00e9ation personnalis\u00e9es!<\/h3>\n\n\n\n<p><br>Un large choix de produits, mais aussi de l&rsquo;unique et du sur-mesure!<br><br>Pour toutes demandes particuli\u00e8res, Tidann vous propose d&rsquo;\u00e9tudier chacune de vos demandes! Pour cela, n&rsquo;h\u00e9sitez pas \u00e0 nous envoyer un e-mail ou nous \u00e9crire directement dans la rubrique contact!<\/p>\n<\/div><\/div>\n<\/div>\n<\/div>\n","protected":false},"excerpt":{"rendered":"<p>Choisissez des cr\u00e9ations existantes mais cr\u00e9ez \u00e9galement la votre! Pour votre mariage, bapt\u00eame, anniversaire ou votre entreprises, mettez votre logo en avant sur une table, un porte cl\u00e9, des dessous de verres, plateaux etc\u2026Un cadeau de naissance pour l\u2019arriv\u00e9e d\u2019un b\u00e9b\u00e9, un jouet pour l\u2019anniversaire du petit neveu, un cadeau attentionn\u00e9 pour la f\u00eate des&hellip;<\/p>\n","protected":false},"author":1,"featured_media":0,"parent":0,"menu_order":0,"comment_status":"closed","ping_status":"closed","template":"","meta":{"footnotes":""},"class_list":["post-515","page","type-page","status-publish","hentry"],"jetpack_sharing_enabled":true,"_links":{"self":[{"href":"https:\/\/tidann.com\/index.php\/wp-json\/wp\/v2\/pages\/515","targetHints":{"allow":["GET"]}}],"collection":[{"href":"https:\/\/tidann.com\/index.php\/wp-json\/wp\/v2\/pages"}],"about":[{"href":"https:\/\/tidann.com\/index.php\/wp-json\/wp\/v2\/types\/page"}],"author":[{"embeddable":true,"href":"https:\/\/tidann.com\/index.php\/wp-json\/wp\/v2\/users\/1"}],"replies":[{"embeddable":true,"href":"https:\/\/tidann.com\/index.php\/wp-json\/wp\/v2\/comments?post=515"}],"version-history":[{"count":7,"href":"https:\/\/tidann.com\/index.php\/wp-json\/wp\/v2\/pages\/515\/revisions"}],"predecessor-version":[{"id":603,"href":"https:\/\/tidann.com\/index.php\/wp-json\/wp\/v2\/pages\/515\/revisions\/603"}],"wp:attachment":[{"href":"https:\/\/tidann.com\/index.php\/wp-json\/wp\/v2\/media?parent=515"}],"curies":[{"name":"wp","href":"https:\/\/api.w.org\/{rel}","templated":true}]}}