{"id":275,"date":"2022-04-14T22:07:09","date_gmt":"2022-04-14T20:07:09","guid":{"rendered":"https:\/\/tidann.com\/?post_type=product&#038;p=275"},"modified":"2024-11-22T14:45:34","modified_gmt":"2024-11-22T13:45:34","slug":"dessous-verre-archipel-guadeloupe-hibiscus","status":"publish","type":"product","link":"https:\/\/tidann.com\/index.php\/produit\/dessous-verre-archipel-guadeloupe-hibiscus\/","title":{"rendered":"Dessous de verre \u2013 Archipel Mwen Enmew Hibiscus Ex &#8211; lot de 6"},"content":{"rendered":"<p>Sublimer votre table et faire le choix de l\u2019originalit\u00e9 avec les dessous de verre en bois.<br \/>\n\u00c9pater vos convives ou vos clients en faisant le choix d\u2019un produits qui vous verra voyager au soleil.<\/p>\n<p>Id\u00e9e cadeau: c\u2019est l\u2019id\u00e9e cadeau parfaite pour vos proches et amis pour les anniversaires, No\u00ebl, occasions sp\u00e9ciales, ou tout simplement pour le plaisir d\u2019offrir.<\/p>\n<p>Il faut compter entre une demie heure et cinquante minutes pour r\u00e9aliser un dessous de verre or vitrification. Chaque mod\u00e8le est unique par les teintes du bois, le rendue des motifs.<\/p>\n<p>Lot de 6<\/p>\n","protected":false},"excerpt":{"rendered":"<p>Dessous de verre en bois, grav\u00e9 au couleur de l\u2019archipel de la Guadeloupe.<\/p>\n","protected":false},"featured_media":276,"comment_status":"open","ping_status":"closed","template":"","meta":[],"product_brand":[],"product_cat":[74],"product_tag":[],"class_list":{"0":"post-275","1":"product","2":"type-product","3":"status-publish","4":"has-post-thumbnail","6":"product_cat-dessous-de-verre","8":"first","9":"instock","10":"shipping-taxable","11":"purchasable","12":"product-type-simple"},"jetpack_sharing_enabled":true,"_links":{"self":[{"href":"https:\/\/tidann.com\/index.php\/wp-json\/wp\/v2\/product\/275","targetHints":{"allow":["GET"]}}],"collection":[{"href":"https:\/\/tidann.com\/index.php\/wp-json\/wp\/v2\/product"}],"about":[{"href":"https:\/\/tidann.com\/index.php\/wp-json\/wp\/v2\/types\/product"}],"replies":[{"embeddable":true,"href":"https:\/\/tidann.com\/index.php\/wp-json\/wp\/v2\/comments?post=275"}],"wp:featuredmedia":[{"embeddable":true,"href":"https:\/\/tidann.com\/index.php\/wp-json\/wp\/v2\/media\/276"}],"wp:attachment":[{"href":"https:\/\/tidann.com\/index.php\/wp-json\/wp\/v2\/media?parent=275"}],"wp:term":[{"taxonomy":"product_brand","embeddable":true,"href":"https:\/\/tidann.com\/index.php\/wp-json\/wp\/v2\/product_brand?post=275"},{"taxonomy":"product_cat","embeddable":true,"href":"https:\/\/tidann.com\/index.php\/wp-json\/wp\/v2\/product_cat?post=275"},{"taxonomy":"product_tag","embeddable":true,"href":"https:\/\/tidann.com\/index.php\/wp-json\/wp\/v2\/product_tag?post=275"}],"curies":[{"name":"wp","href":"https:\/\/api.w.org\/{rel}","templated":true}]}}