{"id":563,"date":"2022-10-13T01:10:13","date_gmt":"2022-10-12T23:10:13","guid":{"rendered":"https:\/\/tidann.com\/?post_type=product&#038;p=563"},"modified":"2026-02-12T14:49:46","modified_gmt":"2026-02-12T13:49:46","slug":"porte-cle-super-personnalise","status":"publish","type":"product","link":"https:\/\/tidann.com\/index.php\/produit\/porte-cle-super-personnalise\/","title":{"rendered":"Porte Cl\u00e9 Rond \u00ab\u00a0Super\u00a0\u00bb Personnalis\u00e9"},"content":{"rendered":"<p>Porte cl\u00e9 personnalis\u00e9 bois avec lani\u00e8re en cuir v\u00e9ritable et anneau, cadeau personnalis\u00e9 id\u00e9ale pour lib\u00e9rer le SUPER qui est en vous ou en ceux que vous connaissez.<br \/>\nDonnez du style et personnalisez votre trousseau de cl\u00e9s, sac \u00e0 dos, sac de voyage, trousses, cartables&#8230;<\/p>\n<p>Plusieurs couleurs sont disponibles en option<\/p>\n<p>Afin de r\u00e9sister \u00e0 la vie quotidienne ce porte cl\u00e9 est d\u00e9coup\u00e9 dans un contreplaqu\u00e9 technique de bois de 4mm plus robuste. <\/p>\n<p>L&rsquo;offre inclut :<\/p>\n<p>&#8211; gravure de l\u2019ann\u00e9e de naissance ou de la mention \u00a0\u00bb depuis le 1er jour \u00a0\u00bb<br \/>\n&#8211; L&rsquo;anneau et la lani\u00e8re en cuir v\u00e9ritable permettant l&rsquo;accroche.<\/p>\n<p>N&rsquo;h\u00e9sitez pas \u00e0 me demander une maquette si vous voulez une id\u00e9e pr\u00e9cise du rendu final de votre personnalisation.<br \/>\nPour toutes demandes particuli\u00e8res, n&rsquo;h\u00e9sitez pas \u00e0 me contacter.<\/p>\n","protected":false},"excerpt":{"rendered":"<p>Donnez du style et personnalisez votre trousseau de cl\u00e9s avec le SUPER de votre choix !<br \/>\nCadeau personnalis\u00e9 id\u00e9ale pour lib\u00e9rer le SUPER qui est en vous ou en ceux que vous connaissez.<\/p>\n","protected":false},"featured_media":573,"comment_status":"open","ping_status":"closed","template":"","meta":[],"product_brand":[],"product_cat":[77],"product_tag":[],"class_list":{"0":"post-563","1":"product","2":"type-product","3":"status-publish","4":"has-post-thumbnail","6":"product_cat-porte-cles","8":"first","9":"instock","10":"shipping-taxable","11":"purchasable","12":"product-type-simple"},"jetpack_sharing_enabled":true,"_links":{"self":[{"href":"https:\/\/tidann.com\/index.php\/wp-json\/wp\/v2\/product\/563","targetHints":{"allow":["GET"]}}],"collection":[{"href":"https:\/\/tidann.com\/index.php\/wp-json\/wp\/v2\/product"}],"about":[{"href":"https:\/\/tidann.com\/index.php\/wp-json\/wp\/v2\/types\/product"}],"replies":[{"embeddable":true,"href":"https:\/\/tidann.com\/index.php\/wp-json\/wp\/v2\/comments?post=563"}],"wp:featuredmedia":[{"embeddable":true,"href":"https:\/\/tidann.com\/index.php\/wp-json\/wp\/v2\/media\/573"}],"wp:attachment":[{"href":"https:\/\/tidann.com\/index.php\/wp-json\/wp\/v2\/media?parent=563"}],"wp:term":[{"taxonomy":"product_brand","embeddable":true,"href":"https:\/\/tidann.com\/index.php\/wp-json\/wp\/v2\/product_brand?post=563"},{"taxonomy":"product_cat","embeddable":true,"href":"https:\/\/tidann.com\/index.php\/wp-json\/wp\/v2\/product_cat?post=563"},{"taxonomy":"product_tag","embeddable":true,"href":"https:\/\/tidann.com\/index.php\/wp-json\/wp\/v2\/product_tag?post=563"}],"curies":[{"name":"wp","href":"https:\/\/api.w.org\/{rel}","templated":true}]}}

Porte Clé Rond « Super » Personnalisé

<p>Porte clé personnalisé bois avec lanière en cuir véritable et anneau, cadeau personnalisé idéale pour libérer le SUPER qui est en vous ou en ceux que vous connaissez.<br />
Donnez du style et personnalisez votre trousseau de clés, sac à dos, sac de voyage, trousses, cartables&#8230;</p>
<p>Plusieurs couleurs sont disponibles en option</p>
<p>Afin de résister à la vie quotidienne ce porte clé est découpé dans un contreplaqué technique de bois de 4mm plus robuste. </p>
<p>L&rsquo;offre inclut :</p>
<p>&#8211; gravure de l’année de naissance ou de la mention  » depuis le 1er jour  »<br />
&#8211; L&rsquo;anneau et la lanière en cuir véritable permettant l&rsquo;accroche.</p>
<p>N&rsquo;hésitez pas à me demander une maquette si vous voulez une idée précise du rendu final de votre personnalisation.<br />
Pour toutes demandes particulières, n&rsquo;hésitez pas à me contacter.</p>

<p>Donnez du style et personnalisez votre trousseau de clés avec le SUPER de votre choix !<br />
Cadeau personnalisé idéale pour libérer le SUPER qui est en vous ou en ceux que vous connaissez.</p>
