{"id":642,"date":"2022-11-09T14:53:16","date_gmt":"2022-11-09T13:53:16","guid":{"rendered":"https:\/\/tidann.com\/?post_type=product&#038;p=642"},"modified":"2025-11-14T18:14:56","modified_gmt":"2025-11-14T17:14:56","slug":"porte-cle-super-personnalise-2","status":"publish","type":"product","link":"https:\/\/tidann.com\/index.php\/produit\/porte-cle-super-personnalise-2\/","title":{"rendered":"Porte Cl\u00e9 \u00ab\u00a0Super\u00a0\u00bb Personnalis\u00e9"},"content":{"rendered":"<p>Le porte cl\u00e9 super chamallow permet de donner une attention particuli\u00e8re \u00e0 quelqu\u2019un de sp\u00e9cial \u00e0 vos yeux. En donnant l\u2019occasion de lui dire des mots doux  \u00e0 tout jamais grav\u00e9s dans le bois.<\/p>\n<p>Choisissez votre super et graver lui au dos du porte cl\u00e9 un petit message personnel afin de rendre ce cadeaux encore plus pr\u00e9cieux pour la personne qui le recevra<\/p>\n<p>L&rsquo;offre inclut :<\/p>\n<p>&#8211; gravure de l\u2019ann\u00e9e de naissance ou de la mention \u00a0\u00bb depuis le 1er jour \u00a0\u00bb<br \/>\n&#8211; gravure d&rsquo;un petit message \u00e0 l\u2019arri\u00e8re du porte cl\u00e9<br \/>\n&#8211; L&rsquo;anneau permettant l&rsquo;accroche.<\/p>\n","protected":false},"excerpt":{"rendered":"<p>Le porte cl\u00e9 super chamallow permet de donner une attention particuli\u00e8re \u00e0 quelqu\u2019un de sp\u00e9cial \u00e0 vos yeux. En donnant l\u2019occasion de lui dire des mots doux  \u00e0 tout jamais grav\u00e9s dans le bois.<\/p>\n","protected":false},"featured_media":644,"comment_status":"open","ping_status":"closed","template":"","meta":[],"product_brand":[],"product_cat":[77],"product_tag":[],"class_list":{"0":"post-642","1":"product","2":"type-product","3":"status-publish","4":"has-post-thumbnail","6":"product_cat-porte-cles","8":"first","9":"instock","10":"shipping-taxable","11":"purchasable","12":"product-type-simple"},"jetpack_sharing_enabled":true,"_links":{"self":[{"href":"https:\/\/tidann.com\/index.php\/wp-json\/wp\/v2\/product\/642","targetHints":{"allow":["GET"]}}],"collection":[{"href":"https:\/\/tidann.com\/index.php\/wp-json\/wp\/v2\/product"}],"about":[{"href":"https:\/\/tidann.com\/index.php\/wp-json\/wp\/v2\/types\/product"}],"replies":[{"embeddable":true,"href":"https:\/\/tidann.com\/index.php\/wp-json\/wp\/v2\/comments?post=642"}],"wp:featuredmedia":[{"embeddable":true,"href":"https:\/\/tidann.com\/index.php\/wp-json\/wp\/v2\/media\/644"}],"wp:attachment":[{"href":"https:\/\/tidann.com\/index.php\/wp-json\/wp\/v2\/media?parent=642"}],"wp:term":[{"taxonomy":"product_brand","embeddable":true,"href":"https:\/\/tidann.com\/index.php\/wp-json\/wp\/v2\/product_brand?post=642"},{"taxonomy":"product_cat","embeddable":true,"href":"https:\/\/tidann.com\/index.php\/wp-json\/wp\/v2\/product_cat?post=642"},{"taxonomy":"product_tag","embeddable":true,"href":"https:\/\/tidann.com\/index.php\/wp-json\/wp\/v2\/product_tag?post=642"}],"curies":[{"name":"wp","href":"https:\/\/api.w.org\/{rel}","templated":true}]}}